09231?
2
What is the ten thousands digit of 287864679?
6
What is the billions digit of 5420648533?
5
What is the tens digit of 153390599?
9
What is the millions digit of 1270225211?
0
What is the thousands digit of 176110?
6
What is the hundred millions digit of 123708100?
1
What is the thousands digit of 49947295?
7
What is the units digit of 2907207328?
8
What is the billions digit of 5834117571?
5
What is the ten millions digit of 110127398?
1
What is the ten millions digit of 43552675?
4
What is the hundred millions digit of 445456837?
4
What is the tens digit of 98178972?
7
What is the hundred millions digit of 3017064712?
0
What is the hundred thousands digit of 1320418256?
4
What is the hundreds digit of 64875508?
5
What is the hundred millions digit of 1191064319?
1
What is the ten thousands digit of 1759024696?
2
What is the thousands digit of 61501256?
1
What is the ten thousands digit of 22460182?
6
What is the units digit of 662430678?
8
What is the hundred thousands digit of 978658645?
6
What is the thousands digit of 77060857?
0
What is the hundreds digit of 1023273439?
4
What is the thousands digit of 564424145?
4
What is the millions digit of 926499673?
6
What is the thousands digit of 178128425?
8
What is the units digit of 1657615537?
7
What is the hundred millions digit of 658563391?
6
What is the hundreds digit of 452106314?
3
What is the hundreds digit of 2713520?
5
What is the thousands digit of 6489263?
9
What is the thousands digit of 7280230?
0
What is the hundreds digit of 495467409?
4
What is the ten thousands digit of 10654850?
5
What is the units digit of 1535326694?
4
What is the tens digit of 78432101?
0
What is the billions digit of 1817227811?
1
What is the millions digit of 87760586?
7
What is the thousands digit of 2498687674?
7
What is the thousands digit of 150984067?
4
What is the units digit of 3009187942?
2
What is the units digit of 4338425584?
4
What is the hundreds digit of 32930863?
8
What is the ten millions digit of 284056903?
8
What is the ten millions digit of 10059604?
1
What is the hundred thousands digit of 416699629?
6
What is the hundred thousands digit of 233749504?
7
What is the thousands digit of 337126979?
6
What is the thousands digit of 26367364?
7
What is the tens digit of 260129561?
6
What is the hundred millions digit of 340577994?
3
What is the hundred thousands digit of 123198575?
1
What is the millions digit of 4870004718?
0
What is the ten thousands digit of 9358143?
5
What is the hundred thousands digit of 280084179?
0
What is the hundred thousands digit of 2210172364?
1
What is the thousands digit of 5414658744?
8
What is the millions digit of 34396368?
4
What is the thousands digit of 851659073?
9
What is the millions digit of 275474840?
5
What is the hundreds digit of 252640862?
8
What is the hundred millions digit of 4356475070?
3
What is the ten millions digit of 113112214?
1
What is the ten thousands digit of 625772410?
7
What is the tens digit of 1918739364?
6
What is the billions digit of 1900826973?
1
What is the hundreds digit of 74104364?
3
What is the ten thousands digit of 357578036?
7
What is the hundreds digit of 1485453254?
2
What is the thousands digit of 25596265?
6
What is the hundreds digit of 14651461?
4
What is the tens digit of 36687853?
5
What is the millions digit of 3948030121?
8
What is the hundred thousands digit of 3001038571?
0
What is the units digit of 385095673?
3
What is the ten thousands digit of 6519113?
1
What is the thousands digit of 1706922239?
2
What is the hundreds digit of 118075795?
7
What is the units digit of 23422596?
6
What is the tens digit of 19802423?
2
What is the hundreds digit of 118127977?
9
What is the hundred thousands digit of 542881957?
8
What is the ten millions digit of 435454118?
3
What is the hundreds digit of 25387228?
2
What is the millions digit of 2599266762?
9
What is the ten millions digit of 18951152?
1
What is the millions digit of 3374951652?
4
What is the units digit of 124566864?
4
What is the thousands digit of 330606774?
6
What is the hundred thousands digit of 1170647676?
6
What is the units digit of 639792111?
1
What is the tens digit of 311242200?
0
What is the ten millions digit of 222581786?
2
What is the thousands digit of 26030189?
0
What is the billions digit of 3368686011?
3
What is the hundred millions digit of 147227325?
1
What is the millions digit of 50599501?
0
What is the ten millions digit of 47536732?
4
What is the tens digit of 570979362?
6
What is the thousands digit of 11102736?
2
What is the ten millions digit of 147215668?
4
What is the tens digit of 2386842634?
3
What is the units digit of 417887869?
9
What is the hundreds digit of 82574406?
4
What is the thousands digit of 97969917?
9
What is the ten thousands digit of 1464124285?
2
What is the hundred millions digit of 3007134239?
0
What is the hundreds digit of 98093705?
7
What is the hundred thousands digit of 222753030?
7
What is the thousands digit of 176575929?
5
What is the ten thousands digit of 1267314146?
1
What is the thousands digit of 31874566?
4
What is the ten millions digit of 1824250853?
2
What is the hundred thousands digit of 1048979665?
9
What is the hundreds digit of 139008436?
4
What is the units digit of 155093938?
8
What is the thousands digit of 1267505988?
5
What is the hundreds digit of 630807789?
7
What is the millions digit of 147439737?
7
What is the thousands digit of 12770507?
0
What is the billions digit of 2709319494?
2
What is the ten thousands digit of 81422116?
2
What is the hundreds digit of 191151424?
4
What is the ten millions digit of 389068135?
8
What is the billions digit of 5841217759?
5
What is the ten thousands digit of 36730268?
3
What is the ten thousands digit of 32246966?
4
What is the hundreds digit of 61081965?
9
What is the millions digit of 38291477?
8
What is the thousands digit of 2342592063?
2
What is the ten millions digit of 1730544406?
3
What is the hundred millions digit of 138161725?
1
What is the hundred thousands digit of 42538728?
5
What is the ten millions digit of 3524518188?
2
What is the millions digit of 216514613?
6
What is the ten thousands digit of 49433091?
3
What is the units digit of 2240518436?
6
What is the ten millions digit of 543559390?
4
What is the millions digit of 5603717433?
3
What is the units digit of 48684883?
3
What is the hundred thousands digit of 55351235?
3
What is the hundreds digit of 1307062815?
8
What is the ten thousands digit of 201599847?
9
What is the thousands digit of 12922276?
2
What is the millions digit of 1995859885?
5
What is the millions digit of 2779887?
2
What is the hundreds digit of 46182617?
6
What is the ten thousands digit of 74705220?
0
What is the millions digit of 46047729?
6
What is the millions digit of 357340392?
7
What is the thousands digit of 45638346?
8
What is the hundred thousands digit of 292413470?
4
What is the ten thousands digit of 1334612195?
1
What is the units digit of 95158715?
5
What is the millions digit of 281791591?
1
What is the ten thousands digit of 49147138?
4
What is the hundred millions digit of 397673142?
3
What is the units digit of 303678739?
9
What is the ten millions digit of 1170383248?
7
What is the ten millions digit of 1020615575?
2
What is the ten millions digit of 1571155191?
7
What is the millions digit of 439758396?
9
What is the ten thousands digit of 2988471110?
7
What is the ten millions digit of 466585333?
6
What is the hundreds digit of 873659453?
4
What is the hundred millions digit of 125927528?
1
What is the hundreds digit of 6596391?
3
What is the hundred thousands digit of 2616078587?
0
What is the hundreds digit of 35276893?
8
What is the thousands digit of 85017962?
7
What is the hundred thousands digit of 83869549?
8
What is the hundred thousands digit of 529932911?
9
What is the ten millions digit of 359209082?
5
What is the hundred millions digit of 351972030?
3
What is the units digit of 240524048?
8
What is the ten thousands digit of 2040405558?
0
What is the hundred thousands digit of 479935779?
9
What is the millions digit of 17036129?
7
What is the ten millions digit of 31348261?
3
What is the ten thousands digit of 1961598547?
9
What is the ten t